{"id":94,"date":"2022-01-14T17:02:01","date_gmt":"2022-01-14T17:02:01","guid":{"rendered":"https:\/\/xn--amerikankpikettuterrieri-ybca20c.fi\/?page_id=94"},"modified":"2022-11-15T19:41:40","modified_gmt":"2022-11-15T17:41:40","slug":"liin-tarina","status":"publish","type":"page","link":"https:\/\/xn--amerikankpikettuterrieri-ybca20c.fi\/index.php\/liin-tarina\/","title":{"rendered":"Liin tarina"},"content":{"rendered":"\n<p><\/p>\n\n\n\n<figure class=\"wp-block-gallery has-nested-images columns-default is-cropped wp-block-gallery-1 is-layout-flex wp-block-gallery-is-layout-flex\">\n<figure class=\"wp-block-image size-full\"><img loading=\"lazy\" decoding=\"async\" width=\"1392\" height=\"1667\" data-id=\"102\" src=\"https:\/\/xn--amerikankpikettuterrieri-ybca20c.fi\/wp-content\/uploads\/2022\/01\/received_1082299582605715.jpeg\" alt=\"\" class=\"wp-image-102\"\/><\/figure>\n\n\n\n<figure class=\"wp-block-image size-full\"><img loading=\"lazy\" decoding=\"async\" width=\"1080\" height=\"904\" data-id=\"272\" src=\"https:\/\/xn--amerikankpikettuterrieri-ybca20c.fi\/wp-content\/uploads\/2022\/01\/FB_IMG_1641817840652.jpg\" alt=\"\" class=\"wp-image-272\" srcset=\"https:\/\/xn--amerikankpikettuterrieri-ybca20c.fi\/wp-content\/uploads\/2022\/01\/FB_IMG_1641817840652.jpg 1080w, https:\/\/xn--amerikankpikettuterrieri-ybca20c.fi\/wp-content\/uploads\/2022\/01\/FB_IMG_1641817840652-300x251.jpg 300w, https:\/\/xn--amerikankpikettuterrieri-ybca20c.fi\/wp-content\/uploads\/2022\/01\/FB_IMG_1641817840652-1024x857.jpg 1024w, https:\/\/xn--amerikankpikettuterrieri-ybca20c.fi\/wp-content\/uploads\/2022\/01\/FB_IMG_1641817840652-768x643.jpg 768w\" sizes=\"auto, (max-width: 1080px) 100vw, 1080px\" \/><\/figure>\n<\/figure>\n\n\n\n<p><\/p>\n\n\n\n<p><\/p>\n\n\n\n<p><\/p>\n\n\n\n<p><\/p>\n\n\n\n<p><\/p>\n\n\n\n<p><\/p>\n\n\n\n<p><\/p>\n\n\n\n<p><\/p>\n\n\n\n<p><\/p>\n\n\n\n<p><\/p>\n\n\n\n<p><\/p>\n\n\n\n<p><\/p>\n\n\n\n<p><\/p>\n\n\n\n<p><\/p>\n\n\n\n<p class=\"has-black-color has-text-color\">\u2018PR\u2019 Dunkel\u2019s Alana \u201dLii\u201d<br>Syntym\u00e4aika: 17.2.2020<br>Em\u00e4: \u201dPeanut\u201d<br>Is\u00e4: \u201dAndy\u201d<br>Kasvattaja: Toy Fox Terrier Kennel, Jonna ja Paul Dunkel<\/p>\n\n\n\n<p><\/p>\n\n\n\n<p><strong><span class=\"has-inline-color has-orange-color\">Omistajan kertomana:<\/span><\/strong><\/p>\n\n\n\n<p class=\"has-black-color has-text-color\"><\/p>\n\n\n\n<p class=\"has-text-align-left\"><mark style=\"background-color:rgba(0, 0, 0, 0)\" class=\"has-inline-color has-black-color\">Harrastan agilitya. Tuli tarve uudelle agilitykoiralle. Kriteerit oli terve, pieni (s\u00e4k\u00e4 alle 28cm), terve rotu ja tietysti terve koira. Suomessa syntyvi\u00e4 koirarotuja sen enemp\u00e4\u00e4 tuntematta googlailin paljon tietoa ja l\u00f6ysin kyseisen rodun. Googlasin rodusta kaiken, mit\u00e4 l\u00f6ysin ja olin vakuuttunut, ett\u00e4 t\u00e4m\u00e4 on hyv\u00e4 rotu mulle harrastuskoiraksi.<\/mark> <mark style=\"background-color:rgba(0, 0, 0, 0)\" class=\"has-inline-color has-black-color\">Liist\u00e4 piti tulla agilitykoira.<\/mark><br><\/p>\n\n\n\n<p class=\"has-text-align-left\"><mark style=\"background-color:rgba(0, 0, 0, 0)\" class=\"has-inline-color has-black-color\">Lii ei ollut terve. Liin vasen olkap\u00e4\u00e4 oli ep\u00e4muodostunut, jonka johdosta my\u00f6s vasen jalka oikeaa lyhyempi ja oikea olkap\u00e4\u00e4 oli yliliikkuva. Eli etujalat liikkuivat miten sattuu. En alunperin itse t\u00e4llaista osannut edes katsoa, kun ei tuo koira juurikaan paikallaan ollut. Alkoi ontumaan, niin k\u00e4ytiin ortopedilla ja siell\u00e4 t\u00e4m\u00e4 selvisi. <\/mark><br><mark style=\"background-color:rgba(0, 0, 0, 0)\" class=\"has-inline-color has-black-color\">Toki sitten n\u00e4in jalkojen poikkeavan liikkumisen, kun siit\u00e4 tiesin.<\/mark> <br><br><mark style=\"background-color:rgba(0, 0, 0, 0)\" class=\"has-inline-color has-black-color\">Kyseess\u00e4 on perinn\u00f6llinen vika.<\/mark> <mark style=\"background-color:rgba(0, 0, 0, 0)\" class=\"has-inline-color has-black-color\">Ortopedi kielsi astuttamasta Liit\u00e4, joka ei k\u00e4ynyt mieless\u00e4nik\u00e4\u00e4n. My\u00f6sk\u00e4\u00e4n Liin sisaruksia ei saisi jalostukseen k\u00e4ytt\u00e4\u00e4, koska voivat kantaa kuitenkin vaikka mit\u00e4 sairausgeeni\u00e4.<\/mark><\/p>\n\n\n\n<p><\/p>\n\n\n\n<p><mark style=\"background-color:rgba(0, 0, 0, 0)\" class=\"has-inline-color has-black-color\">Liin tarina p\u00e4\u00e4ttyi surullisesti, sill\u00e4 lis\u00e4\u00e4ntyneiden kipujen my\u00f6t\u00e4 h\u00e4net p\u00e4\u00e4stettiin kivuistaan lokakuussa 2021.<\/mark><\/p>\n\n\n\n<p><\/p>\n\n\n\n<p>Kuvat ja teksti Eeva Savola<\/p>\n\n\n\n<p><\/p>\n","protected":false},"excerpt":{"rendered":"<p>\u2018PR\u2019 Dunkel\u2019s Alana \u201dLii\u201dSyntym\u00e4aika: 17.2.2020Em\u00e4: \u201dPeanut\u201dIs\u00e4: \u201dAndy\u201dKasvattaja: Toy Fox Terrier Kennel, Jonna ja Paul Dunkel Omistajan kertomana: Harrastan agilitya. Tuli tarve uudelle agilitykoiralle. Kriteerit oli terve, pieni (s\u00e4k\u00e4 alle 28cm), terve rotu ja tietysti terve koira. Suomessa syntyvi\u00e4 koirarotuja sen enemp\u00e4\u00e4 tuntematta googlailin paljon tietoa ja l\u00f6ysin kyseisen rodun. Googlasin rodusta kaiken, mit\u00e4 l\u00f6ysin ja [&hellip;]<\/p>\n","protected":false},"author":3,"featured_media":0,"parent":0,"menu_order":0,"comment_status":"closed","ping_status":"closed","template":"","meta":{"site-sidebar-layout":"default","site-content-layout":"","ast-site-content-layout":"default","site-content-style":"default","site-sidebar-style":"default","ast-global-header-display":"","ast-banner-title-visibility":"","ast-main-header-display":"","ast-hfb-above-header-display":"","ast-hfb-below-header-display":"","ast-hfb-mobile-header-display":"","site-post-title":"","ast-breadcrumbs-content":"","ast-featured-img":"","footer-sml-layout":"","theme-transparent-header-meta":"","adv-header-id-meta":"","stick-header-meta":"","header-above-stick-meta":"","header-main-stick-meta":"","header-below-stick-meta":"","astra-migrate-meta-layouts":"default","ast-page-background-enabled":"default","ast-page-background-meta":{"desktop":{"background-color":"var(--ast-global-color-4)","background-image":"","background-repeat":"repeat","background-position":"center center","background-size":"auto","background-attachment":"scroll","background-type":"","background-media":"","overlay-type":"","overlay-color":"","overlay-opacity":"","overlay-gradient":""},"tablet":{"background-color":"","background-image":"","background-repeat":"repeat","background-position":"center center","background-size":"auto","background-attachment":"scroll","background-type":"","background-media":"","overlay-type":"","overlay-color":"","overlay-opacity":"","overlay-gradient":""},"mobile":{"background-color":"","background-image":"","background-repeat":"repeat","background-position":"center center","background-size":"auto","background-attachment":"scroll","background-type":"","background-media":"","overlay-type":"","overlay-color":"","overlay-opacity":"","overlay-gradient":""}},"ast-content-background-meta":{"desktop":{"background-color":"var(--ast-global-color-5)","background-image":"","background-repeat":"repeat","background-position":"center center","background-size":"auto","background-attachment":"scroll","background-type":"","background-media":"","overlay-type":"","overlay-color":"","overlay-opacity":"","overlay-gradient":""},"tablet":{"background-color":"var(--ast-global-color-5)","background-image":"","background-repeat":"repeat","background-position":"center center","background-size":"auto","background-attachment":"scroll","background-type":"","background-media":"","overlay-type":"","overlay-color":"","overlay-opacity":"","overlay-gradient":""},"mobile":{"background-color":"var(--ast-global-color-5)","background-image":"","background-repeat":"repeat","background-position":"center center","background-size":"auto","background-attachment":"scroll","background-type":"","background-media":"","overlay-type":"","overlay-color":"","overlay-opacity":"","overlay-gradient":""}},"footnotes":""},"class_list":["post-94","page","type-page","status-publish","hentry"],"_links":{"self":[{"href":"https:\/\/xn--amerikankpikettuterrieri-ybca20c.fi\/index.php\/wp-json\/wp\/v2\/pages\/94","targetHints":{"allow":["GET"]}}],"collection":[{"href":"https:\/\/xn--amerikankpikettuterrieri-ybca20c.fi\/index.php\/wp-json\/wp\/v2\/pages"}],"about":[{"href":"https:\/\/xn--amerikankpikettuterrieri-ybca20c.fi\/index.php\/wp-json\/wp\/v2\/types\/page"}],"author":[{"embeddable":true,"href":"https:\/\/xn--amerikankpikettuterrieri-ybca20c.fi\/index.php\/wp-json\/wp\/v2\/users\/3"}],"replies":[{"embeddable":true,"href":"https:\/\/xn--amerikankpikettuterrieri-ybca20c.fi\/index.php\/wp-json\/wp\/v2\/comments?post=94"}],"version-history":[{"count":60,"href":"https:\/\/xn--amerikankpikettuterrieri-ybca20c.fi\/index.php\/wp-json\/wp\/v2\/pages\/94\/revisions"}],"predecessor-version":[{"id":1239,"href":"https:\/\/xn--amerikankpikettuterrieri-ybca20c.fi\/index.php\/wp-json\/wp\/v2\/pages\/94\/revisions\/1239"}],"wp:attachment":[{"href":"https:\/\/xn--amerikankpikettuterrieri-ybca20c.fi\/index.php\/wp-json\/wp\/v2\/media?parent=94"}],"curies":[{"name":"wp","href":"https:\/\/api.w.org\/{rel}","templated":true}]}}