{"id":341,"date":"2022-01-15T17:18:33","date_gmt":"2022-01-15T17:18:33","guid":{"rendered":"https:\/\/xn--amerikankpikettuterrieri-ybca20c.fi\/?page_id=341"},"modified":"2022-11-15T19:42:55","modified_gmt":"2022-11-15T17:42:55","slug":"vidan-tarina","status":"publish","type":"page","link":"https:\/\/xn--amerikankpikettuterrieri-ybca20c.fi\/index.php\/vidan-tarina\/","title":{"rendered":"Vidan tarina"},"content":{"rendered":"\n<p class=\"has-black-color has-text-color\">&#8216;PR&#8217; Dunkel&#8217;s Penny &#8221;Vida&#8221;<br>Syntym\u00e4aika: 18.8.2018<br>Em\u00e4: &#8221;Poppy&#8221;<br>Is\u00e4: &#8221;Spendor&#8221;<br>Kasvattaja: Toy Fox Terrier Kennel, Jonna ja Paul Dunkel<\/p>\n\n\n\n<p><mark style=\"background-color:rgba(0, 0, 0, 0)\" class=\"has-inline-color has-orange-color\"><strong>Omistajan kertomana:<\/strong><\/mark><\/p>\n\n\n\n<p><\/p>\n\n\n\n<p><mark style=\"background-color:rgba(0, 0, 0, 0)\" class=\"has-inline-color has-black-color\">Vida on pennusta asti ollut todella energinen ja kovap\u00e4inen. Vida rakastaa ihmisi\u00e4, vauvasta vaariin. Vieraista koirista Vida ei niink\u00e4\u00e4n v\u00e4lit\u00e4, koska h\u00e4nell\u00e4 on ollut oma ryhm\u00e4 hau pienest\u00e4 pit\u00e4en.<\/mark><\/p>\n\n\n\n<figure class=\"wp-block-image size-large is-resized is-style-default\"><img loading=\"lazy\" decoding=\"async\" src=\"https:\/\/xn--amerikankpikettuterrieri-ybca20c.fi\/wp-content\/uploads\/2022\/01\/Resizer_16422722947102-1024x564.jpg\" alt=\"\" class=\"wp-image-377\" width=\"805\" height=\"443\" srcset=\"https:\/\/xn--amerikankpikettuterrieri-ybca20c.fi\/wp-content\/uploads\/2022\/01\/Resizer_16422722947102-1024x564.jpg 1024w, https:\/\/xn--amerikankpikettuterrieri-ybca20c.fi\/wp-content\/uploads\/2022\/01\/Resizer_16422722947102-300x165.jpg 300w, https:\/\/xn--amerikankpikettuterrieri-ybca20c.fi\/wp-content\/uploads\/2022\/01\/Resizer_16422722947102-768x423.jpg 768w, https:\/\/xn--amerikankpikettuterrieri-ybca20c.fi\/wp-content\/uploads\/2022\/01\/Resizer_16422722947102.jpg 1100w\" sizes=\"auto, (max-width: 805px) 100vw, 805px\" \/><\/figure>\n\n\n\n<p><mark style=\"background-color:rgba(0, 0, 0, 0)\" class=\"has-inline-color has-black-color\">Vida on kova vahtimaan omaa pihaansa ja juoksee ensimm\u00e4isen\u00e4 haukkuen ovelle, jos joku tulee. Viel\u00e4 isomman metelin h\u00e4n nostaa, jos joku erehtyy soittamaan ovikelloa,  koska silloin yleens\u00e4 tulija ei ole kukaan tuttu. Vidalla on vahtimiseen ja leikkimiseen ihan omat haukku\u00e4\u00e4nens\u00e4, koska pit\u00e4\u00e4h\u00e4n silloin olla uskottavan kuuloinen kun on mahdollisia tunkeilijoita. Vaikka Vida haukkuukin tulijoille, h\u00e4n on vieraiden kanssa heti parhaat yst\u00e4v\u00e4t &#8211; oli entuudestaan tuttu tai ei. Jos mahdollista, niin syliin pit\u00e4\u00e4 \u00e4nke\u00e4 ja nuolla naama kauttaaltaan.<\/mark><br><br><mark style=\"background-color:rgba(0, 0, 0, 0)\" class=\"has-inline-color has-black-color\">Vida on todella<\/mark> <mark style=\"background-color:rgba(0, 0, 0, 0)\" class=\"has-inline-color has-black-color\">perso ruualle ja nopea oppimaan, joten h\u00e4nelle on ollut helppo opettaa paljon temppuja.<\/mark> <mark style=\"background-color:rgba(0, 0, 0, 0)\" class=\"has-inline-color has-black-color\">Omaksi iloksi ollaan harrastettu agility\u00e4 ja my\u00f6s tokon alkeita sek\u00e4 kotoa l\u00f6ytyy dobo-pallo, jota Vida rakastaa.<\/mark> <mark style=\"background-color:rgba(0, 0, 0, 0)\" class=\"has-inline-color has-black-color\">Vida on muutenkin pallohullu ja kaikki vinkuvat lelut on ihan parhaita.<\/mark> <mark style=\"background-color:rgba(0, 0, 0, 0)\" class=\"has-inline-color has-black-color\">Pyykkikoneesta sukkien varastaminen on my\u00f6s nastaa, koska tiet\u00e4\u00e4 sen olevan kielletty\u00e4.<\/mark><\/p>\n\n\n\n<figure class=\"wp-block-image alignright size-large is-resized is-style-rounded\"><img loading=\"lazy\" decoding=\"async\" src=\"https:\/\/xn--amerikankpikettuterrieri-ybca20c.fi\/wp-content\/uploads\/2022\/01\/Screenshot_20220111-031213__01__01-811x1024.jpg\" alt=\"\" class=\"wp-image-384\" width=\"188\" height=\"237\" srcset=\"https:\/\/xn--amerikankpikettuterrieri-ybca20c.fi\/wp-content\/uploads\/2022\/01\/Screenshot_20220111-031213__01__01-811x1024.jpg 811w, https:\/\/xn--amerikankpikettuterrieri-ybca20c.fi\/wp-content\/uploads\/2022\/01\/Screenshot_20220111-031213__01__01-238x300.jpg 238w, https:\/\/xn--amerikankpikettuterrieri-ybca20c.fi\/wp-content\/uploads\/2022\/01\/Screenshot_20220111-031213__01__01-768x969.jpg 768w, https:\/\/xn--amerikankpikettuterrieri-ybca20c.fi\/wp-content\/uploads\/2022\/01\/Screenshot_20220111-031213__01__01.jpg 1080w\" sizes=\"auto, (max-width: 188px) 100vw, 188px\" \/><\/figure>\n\n\n\n<p><mark style=\"background-color:rgba(0, 0, 0, 0)\" class=\"has-inline-color has-black-color\">Vida on \u00e4\u00e4nek\u00e4s, mutta todella valloittava persoona. H\u00e4n toimii loistavasti my\u00f6s her\u00e4tyskellona, sill\u00e4 jos omaan her\u00e4tykseen ei reagoi, niin h\u00e4n yleens\u00e4 tulee nuolaisemaan naamasta tai makaa rinnan p\u00e4\u00e4ll\u00e4 ja tuijottaa. <\/mark><\/p>\n\n\n\n<p class=\"has-black-color has-text-color\"><mark style=\"background-color:rgba(0, 0, 0, 0)\" class=\"has-inline-color has-black-color\">Vida on onneksi muuten pysynyt terveen\u00e4, mutta h\u00e4nell\u00e4 on perinn\u00f6llinen sairaus varvasanomalia tai &#8221;high toe&#8221;. <\/mark><br><mark style=\"background-color:rgba(0, 0, 0, 0)\" class=\"has-inline-color has-black-color\">H\u00e4nelt\u00e4 puuttuu etutassuistaan uloimmista varpaista k\u00e4mmenluut. Varvasanomalia altistaa vakavalle nivelrikolle, mutta Vidalla ei onneksi ainakaan viel\u00e4 kuvissa havaittu nivelrikkomuutoksia. Sairauden takia agility on j\u00e4\u00e4nyt hieman v\u00e4hemm\u00e4lle, sill\u00e4 Vidan etutassujen asento ei ole ideaali noiden puuttuvien k\u00e4mmenluiden takia ja painoa tulee normaalia enemm\u00e4n etutassuille.<\/mark><br><br><\/p>\n\n\n\n<p><\/p>\n\n\n\n<figure class=\"wp-block-gallery has-nested-images columns-default is-cropped aligncenter wp-block-gallery-1 is-layout-flex wp-block-gallery-is-layout-flex\">\n<figure class=\"wp-block-image size-large\"><img loading=\"lazy\" decoding=\"async\" width=\"768\" height=\"1024\" data-id=\"385\" src=\"https:\/\/xn--amerikankpikettuterrieri-ybca20c.fi\/wp-content\/uploads\/2022\/01\/Resizer_16422722947100-768x1024.jpg\" alt=\"\" class=\"wp-image-385\" srcset=\"https:\/\/xn--amerikankpikettuterrieri-ybca20c.fi\/wp-content\/uploads\/2022\/01\/Resizer_16422722947100-768x1024.jpg 768w, https:\/\/xn--amerikankpikettuterrieri-ybca20c.fi\/wp-content\/uploads\/2022\/01\/Resizer_16422722947100-225x300.jpg 225w, https:\/\/xn--amerikankpikettuterrieri-ybca20c.fi\/wp-content\/uploads\/2022\/01\/Resizer_16422722947100.jpg 900w\" sizes=\"auto, (max-width: 768px) 100vw, 768px\" \/><\/figure>\n\n\n\n<figure class=\"wp-block-image size-large\"><img loading=\"lazy\" decoding=\"async\" width=\"822\" height=\"1024\" data-id=\"390\" src=\"https:\/\/xn--amerikankpikettuterrieri-ybca20c.fi\/wp-content\/uploads\/2022\/01\/IMG_20190517_224327-822x1024.jpg\" alt=\"\" class=\"wp-image-390\" srcset=\"https:\/\/xn--amerikankpikettuterrieri-ybca20c.fi\/wp-content\/uploads\/2022\/01\/IMG_20190517_224327-822x1024.jpg 822w, https:\/\/xn--amerikankpikettuterrieri-ybca20c.fi\/wp-content\/uploads\/2022\/01\/IMG_20190517_224327-241x300.jpg 241w, https:\/\/xn--amerikankpikettuterrieri-ybca20c.fi\/wp-content\/uploads\/2022\/01\/IMG_20190517_224327-768x956.jpg 768w, https:\/\/xn--amerikankpikettuterrieri-ybca20c.fi\/wp-content\/uploads\/2022\/01\/IMG_20190517_224327.jpg 1080w\" sizes=\"auto, (max-width: 822px) 100vw, 822px\" \/><\/figure>\n\n\n\n<figure class=\"wp-block-image size-large\"><img loading=\"lazy\" decoding=\"async\" width=\"767\" height=\"1024\" data-id=\"394\" src=\"https:\/\/xn--amerikankpikettuterrieri-ybca20c.fi\/wp-content\/uploads\/2022\/01\/IMG-20190727-WA0085__01-2-767x1024.jpg\" alt=\"\" class=\"wp-image-394\" srcset=\"https:\/\/xn--amerikankpikettuterrieri-ybca20c.fi\/wp-content\/uploads\/2022\/01\/IMG-20190727-WA0085__01-2-767x1024.jpg 767w, https:\/\/xn--amerikankpikettuterrieri-ybca20c.fi\/wp-content\/uploads\/2022\/01\/IMG-20190727-WA0085__01-2-225x300.jpg 225w, https:\/\/xn--amerikankpikettuterrieri-ybca20c.fi\/wp-content\/uploads\/2022\/01\/IMG-20190727-WA0085__01-2-768x1025.jpg 768w, https:\/\/xn--amerikankpikettuterrieri-ybca20c.fi\/wp-content\/uploads\/2022\/01\/IMG-20190727-WA0085__01-2.jpg 1082w\" sizes=\"auto, (max-width: 767px) 100vw, 767px\" \/><\/figure>\n<figcaption class=\"blocks-gallery-caption wp-element-caption\">Kuvat ja teksti Maria Rautakoski<\/figcaption><\/figure>\n","protected":false},"excerpt":{"rendered":"<p>&#8216;PR&#8217; Dunkel&#8217;s Penny &#8221;Vida&#8221;Syntym\u00e4aika: 18.8.2018Em\u00e4: &#8221;Poppy&#8221;Is\u00e4: &#8221;Spendor&#8221;Kasvattaja: Toy Fox Terrier Kennel, Jonna ja Paul Dunkel Omistajan kertomana: Vida on pennusta asti ollut todella energinen ja kovap\u00e4inen. Vida rakastaa ihmisi\u00e4, vauvasta vaariin. Vieraista koirista Vida ei niink\u00e4\u00e4n v\u00e4lit\u00e4, koska h\u00e4nell\u00e4 on ollut oma ryhm\u00e4 hau pienest\u00e4 pit\u00e4en. Vida on kova vahtimaan omaa pihaansa ja juoksee ensimm\u00e4isen\u00e4 [&hellip;]<\/p>\n","protected":false},"author":3,"featured_media":0,"parent":0,"menu_order":0,"comment_status":"closed","ping_status":"closed","template":"","meta":{"site-sidebar-layout":"default","site-content-layout":"","ast-site-content-layout":"default","site-content-style":"default","site-sidebar-style":"default","ast-global-header-display":"","ast-banner-title-visibility":"","ast-main-header-display":"","ast-hfb-above-header-display":"","ast-hfb-below-header-display":"","ast-hfb-mobile-header-display":"","site-post-title":"","ast-breadcrumbs-content":"","ast-featured-img":"","footer-sml-layout":"","theme-transparent-header-meta":"","adv-header-id-meta":"","stick-header-meta":"","header-above-stick-meta":"","header-main-stick-meta":"","header-below-stick-meta":"","astra-migrate-meta-layouts":"default","ast-page-background-enabled":"default","ast-page-background-meta":{"desktop":{"background-color":"var(--ast-global-color-4)","background-image":"","background-repeat":"repeat","background-position":"center center","background-size":"auto","background-attachment":"scroll","background-type":"","background-media":"","overlay-type":"","overlay-color":"","overlay-opacity":"","overlay-gradient":""},"tablet":{"background-color":"","background-image":"","background-repeat":"repeat","background-position":"center center","background-size":"auto","background-attachment":"scroll","background-type":"","background-media":"","overlay-type":"","overlay-color":"","overlay-opacity":"","overlay-gradient":""},"mobile":{"background-color":"","background-image":"","background-repeat":"repeat","background-position":"center center","background-size":"auto","background-attachment":"scroll","background-type":"","background-media":"","overlay-type":"","overlay-color":"","overlay-opacity":"","overlay-gradient":""}},"ast-content-background-meta":{"desktop":{"background-color":"var(--ast-global-color-5)","background-image":"","background-repeat":"repeat","background-position":"center center","background-size":"auto","background-attachment":"scroll","background-type":"","background-media":"","overlay-type":"","overlay-color":"","overlay-opacity":"","overlay-gradient":""},"tablet":{"background-color":"var(--ast-global-color-5)","background-image":"","background-repeat":"repeat","background-position":"center center","background-size":"auto","background-attachment":"scroll","background-type":"","background-media":"","overlay-type":"","overlay-color":"","overlay-opacity":"","overlay-gradient":""},"mobile":{"background-color":"var(--ast-global-color-5)","background-image":"","background-repeat":"repeat","background-position":"center center","background-size":"auto","background-attachment":"scroll","background-type":"","background-media":"","overlay-type":"","overlay-color":"","overlay-opacity":"","overlay-gradient":""}},"footnotes":""},"class_list":["post-341","page","type-page","status-publish","hentry"],"_links":{"self":[{"href":"https:\/\/xn--amerikankpikettuterrieri-ybca20c.fi\/index.php\/wp-json\/wp\/v2\/pages\/341","targetHints":{"allow":["GET"]}}],"collection":[{"href":"https:\/\/xn--amerikankpikettuterrieri-ybca20c.fi\/index.php\/wp-json\/wp\/v2\/pages"}],"about":[{"href":"https:\/\/xn--amerikankpikettuterrieri-ybca20c.fi\/index.php\/wp-json\/wp\/v2\/types\/page"}],"author":[{"embeddable":true,"href":"https:\/\/xn--amerikankpikettuterrieri-ybca20c.fi\/index.php\/wp-json\/wp\/v2\/users\/3"}],"replies":[{"embeddable":true,"href":"https:\/\/xn--amerikankpikettuterrieri-ybca20c.fi\/index.php\/wp-json\/wp\/v2\/comments?post=341"}],"version-history":[{"count":35,"href":"https:\/\/xn--amerikankpikettuterrieri-ybca20c.fi\/index.php\/wp-json\/wp\/v2\/pages\/341\/revisions"}],"predecessor-version":[{"id":1241,"href":"https:\/\/xn--amerikankpikettuterrieri-ybca20c.fi\/index.php\/wp-json\/wp\/v2\/pages\/341\/revisions\/1241"}],"wp:attachment":[{"href":"https:\/\/xn--amerikankpikettuterrieri-ybca20c.fi\/index.php\/wp-json\/wp\/v2\/media?parent=341"}],"curies":[{"name":"wp","href":"https:\/\/api.w.org\/{rel}","templated":true}]}}